/(-2) - (-425)/10. Suppose -m + 6*m = -4*n + o, 4*n - m - 25 = 0. Is n prime?
True
Let n(g) = 9*g - 2. Let q be n(-3). Let r = 58 - q. Is r a composite number?
True
Suppose 37 = 4*m - 2*f - 1, 0 = -4*m - 4*f + 20. Suppose 0*g - g + 2*r = -m, 3*g - 2*r = 16. Suppose -k + 344 = g*i, -i + k = 3*i - 336. Is i a prime number?
False
Suppose 4*a - 3 = -4*v + 13, 4*a - 16 = v. Suppose -3*i + 372 + 21 = v. Is i a prime number?
True
Let t = 311 + -100. Is t composite?
False
Suppose -d = -2*c + 8, -3*c + 13 = -2. Suppose -d*v + 6*v = 152. Suppose 2*p + v = 4*p. Is p prime?
True
Suppose 0 = -3*v - b + 2, 25 = 5*v - 4*b - 1. Is (-3310)/(-30) + v/3 a composite number?
True
Suppose 17*z - 133 = 16*z. Is z composite?
True
Let r(h) = -132*h - 37. Is r(-7) composite?
False
Let r be 2/(1/(1 - -1)). Suppose -3*y + 42 = -2*y. Is y/r*12/18 composite?
False
Let y(s) = -s**3 + 9*s**2 + 9*s. Suppose 4*c + 35 = 9*c. Is y(c) prime?
False
Let s be 395 + (-2 - -1 - -2). Suppose -3*x - m + s = -2*m, x - 130 = m. Is x prime?
False
Let i(n) = 51*n**2 - 2. Let x(l) = 25*l**2 - 1. Let d(t) = 6*i(t) - 11*x(t). Let r be d(1). Suppose 4*z + j = 192, -2*j = z - 11 - r. Is z prime?
False
Let a be (0 + 0)*1/2. Suppose a - 12 = -4*c. Suppose 4*i - 105 = -4*x + 367, c*x - i - 334 = 0. Is x composite?
False
Suppose 0 = -q - 2 - 4. Is q/(-27) + (-331)/(-9) prime?
True
Suppose 2*a = -5*j + a + 1493, 3*a + 885 = 3*j. Suppose -i + 137 = -g - 12, j = 2*i - 5*g. Is i prime?
True
Is (-1 - 1135/2)*2/(-3) a prime number?
True
Suppose -4*p + 6 = -p, -4*c = -p + 90. Let s = 16 + c. Is -67*((s - -2) + 3) a prime number?
True
Let i be (-5 - -2 - -4)*-2. Is (11 + -28)/(i/10) prime?
False
Suppose -5*d = 25, 6*c - c - 30 = d. Suppose -2*r + 5*g = -c*r + 10, 0 = 5*g - 10. Let j(o) = o + 13. Is j(r) prime?
True
Let g = 12 - 8. Is ((-1128)/(-20))/(g/10) a prime number?
False
Suppose -3*k + 2 = v, -5*k + 3*v - 6 = -2*k. Suppose -5*n - 19 - 26 = k. Let x = n - -23. Is x a prime number?
False
Let w = 3 - 6. Is 26*w/6*-3 composite?
True
Let x be (-14 - -15)*(-3)/(-1). Suppose 65 = b - 0*z + 4*z, 163 = 2*b - x*z. Is b composite?
True
Let o be -1 - (2 - 3*-3). Let r be 22/o - (-4)/(-24). Let w = 0 - r. Is w a composite number?
False
Let d(o) be the second derivative of o**3/6 + 13*o**2/2 - 2*o. Is d(0) composite?
False
Let t(x) = -51*x + 7. Is t(-4) composite?
False
Let n(r) = -10 + 2*r**2 + r - 7*r - 3*r. Let b be n(-8). Suppose -4*g + b + 118 = 0. Is g a composite number?
True
Is (-3)/9 - 2640/(-9) a prime number?
True
Let n(z) = -6*z + 1. Suppose 5*c + 16 = -r, 0 = -3*c - 3 - 3. Is n(r) a prime number?
True
Suppose 0 = p - 5*p - 32. Let r(y) = -y - 4. Let t be r(p). Suppose -a = 2*a - t*u - 125, 3*a - 85 = -4*u. Is a a prime number?
False
Let p be 0/(-1 + 0) + 0. Let v = 4 - p. Suppose 37 = -v*l + 5*l. Is l prime?
True
Is 2/(-9) + (-224)/(-36) prime?
False
Let i = 258 + -622. Let f = -421 - -206. Let b = f - i. Is b a composite number?
False
Let o = -5 - -10. Let v(f) = f**3 - 5*f**2 - 2*f + 1. Let j be v(o). Is 24*(-6)/j - 1 a prime number?
False
Is 8887*-3*(-3)/(-9)*-1 a prime number?
True
Suppose -4*w + 643 + 417 = 0. Is w a composite number?
True
Let m(n) = 144*n**3 + n**2 - n + 1. Is m(1) a composite number?
True
Suppose p + p + 6 = 0. Is -21*(-2 - (-11)/p) a composite number?
True
Is (-1)/2 - 1902/(-12) composite?
True
Suppose 0 = 4*d + 22 - 6. Let v = d + 7. Suppose -v*t + 47 = 5. Is t a composite number?
True
Let w = 23 - -618. Is w prime?
True
Let s(k) = 448*k**2 - k + 2. Is s(1) prime?
True
Suppose 0*j = -4*j. Suppose j*a + 119 = a. Is a composite?
True
Let p(u) = -81*u**2 + 2*u + 1. Let f(i) = -i - 8. Let k be f(-7). Let y be p(k). Let s = -25 - y. Is s prime?
False
Suppose -h - m = -0*h - 196, 3*h - 4*m - 623 = 0. Is h a prime number?
False
Let t(z) = 9*z**2 - z - 2. Let d be t(2). Let s = 75 - d. Is s composite?
False
Suppose 3*r = -5*n + 60, -60 = -3*n - 2*n + r. Let l be -2 + -3 + 4 - -3. Is l/(-4) + 402/n a composite number?
True
Let w = 75 + -38. Is w prime?
True
Suppose 4*h - 48 = 3*h - q, -164 = -3*h + q. Let o = h - 16. Is o composite?
False
Suppose -4*i + 16 + 0 = 0. Let h(g) = 33*g**2 + 3. Let j be h(-3). Suppose j - 112 = i*n. Is n a prime number?
True
Let u = 2 + 3. Suppose 2*t - 34 = 4*r - 2*r, 4*t - 3*r = 63. Let a = t - u. Is a a prime number?
True
Is -2*4/((-32)/1588) a composite number?
False
Let m = -70 + 295. Suppose -2*s + u + 158 = -u, 3*s = -3*u + m. Is s prime?
False
Let x(i) be the first derivative of -i**4/2 - i**3 + 2*i**2 + 4*i + 3. Let g(k) = 2*k + 1. Let l be g(-2). Is x(l) a composite number?
False
Let l(h) = -2*h + 2. Let y be l(-2). Is 11 - y/(-9)*3 a composite number?
False
Let b(h) = h**3 - h**2 - 2*h + 2. Let v(l) = -l**3 - 8*l**2 + 9*l + 12. Let s be v(-9). Suppose k + 3*k - s = 0. Is b(k) prime?
False
Suppose 4*j + 3 = 15. Suppose -4*s - 5*g = -102 - 51, j*s - 113 = -2*g. Is s a composite number?
False
Is ((-304)/(-8))/(2/17) a prime number?
False
Suppose -4*v + 2078 = -2*v. Is v a composite number?
False
Let w(a) = 20*a**2 + 3*a - 1. Suppose -2*b = -b + x - 7, 0 = -2*b + 3*x - 6. Suppose -b = -l - 1. Is w(l) a prime number?
False
Suppose -84 = -3*f - 4*z + 46, 5*z + 56 = 2*f. Let a be (2/4)/((-3)/(-318)). Let p = a - f. Is p composite?
True
Suppose 0 = -4*p + 5*k + 93 + 19, 3*k + 104 = 4*p. Is p a composite number?
False
Suppose f - 3*m = 82, f - 5*m = 3*f - 120. Suppose -3*o + f + 152 = 0. Is o a composite number?
True
Let m = 1318 + -585. Is m a prime number?
True
Let n(x) = -x + 9. Let b be n(7). Suppose 4*t = 4*w + 12, -w + 2*t - b = 4. Suppose w = -3*o - 2*o + 165. Is o composite?
True
Is (9 - -1151) + (0 + -2 - -1) prime?
False
Let r(p) = p + 4*p**2 - 3*p - 4*p. Let z be r(5). Let q = -39 + z. Is q composite?
False
Suppose -3*f = -2 + 5, 0 = -2*h - 4*f + 126. Is h a composite number?
True
Let s(x) = 32*x**2 + 14*x - 1. Is s(-6) composite?
True
Let a(m) = 425*m**2 + 5*m - 14. Is a(3) a composite number?
True
Let n(s) = -4 + 2*s**3 - 3*s**3 + s + 8*s + 5*s**2. Let h be 2/((4/6)/2). Is n(h) a composite number?
True
Let l(y) = -10*y + 2. Let o be l(-6). Suppose m - o = -9. Is m prime?
True
Let w(k) = -5*k**2 + 18*k + 11. Let l(q) = 26*q**2 - 91*q - 56. Let o(p) = -2*l(p) - 11*w(p). Is o(-14) composite?
True
Let o be -1 + (-1)/(-1) + 2. Let i = 8 - 6. Suppose -i = -g, t + 51 = 2*t - o*g. Is t a composite number?
True
Let f = -2 + -3. Let x be f*(1 - (-1)/5). Let d = 13 - x. Is d composite?
False
Is (3/(-6))/((-1)/3778 + 0) a composite number?
False
Suppose l + w = -4*l + 28749, -2*l = 4*w - 11514. Is l prime?
True
Suppose 0*o - 3*o - 3*p = -582, 0 = -o - 3*p + 200. Is o composite?
False
Suppose -6*c + 2*c + 2*d = -10726, d = 5*c - 13412. Is c a prime number?
True
Suppose q = 2*q. Let w be 70/(-3)*(-3)/2. Let p = q + w. Is p a composite number?
True
Let f be (-18)/6 - (6 - 1). Let h(g) = g**2 + 4*g + 2. Is h(f) a prime number?
False
Suppose -5*m - 295 = -1890. Is m a composite number?
True
Let i = -844 + 1581. Is i a composite number?
True
Is -1*(-6)/21 - (-55842)/14 a composite number?
False
Suppose r + 2*r - 957 = 0. Is r a prime number?
False
Let t be 6/9 + (-512)/(-6). Let j = t - 50. Let l = 91 - j. Is l a prime number?
False
Is 6/(-6)*(-329 - 0) composite?
True
Suppose 4*l - 3*l - 4*j - 1833 = 0, -5*l + 9090 = -5*j. Let o = l + -1287. Suppose o - 18 = 4*q. Is q a composite number?
False
Let j be 1 - 1/1*149. Is (2/(-2))/(4/j) a prime number?
True
Suppose 5588 = 4*b + 5*u, -3*b - 4*u = -9*u - 4226. Is b prime?
False
Let x = -911 - -1750. Let d = x - 590. Is d prime?
False
Let o be (-1 - -1)*-1 - 37. Let q(m) = 3*m**2 + 3*m + 16. Let x be q(-5). Let d = o + x. Is d a composite number?
True
Is 7/((-28)/(-2656)) - -3 a prime number?
False
Suppose 3*q = 9*q - 4458. Is q a prime number?
True
Suppose 5*i = 14 - 9. Is (-2 - -3) + i + 111 prime?
True
Let n = 1087 + -437. Suppose 0*m - n = -5*m. Is ((-4)/5)/((-4)/m) a composite number?
True
Suppose -3*l + 7*l + 92 = 0. Suppose 0 = i + 2*i + 558. Let x = l - i. Is x composite?
False
Is (-4581)/(-7) + (-20)/(-35) a composite number?
True
Let i = 9 - 7. Suppose 3*g + 1 = 4, 158 = 4*d - i*g. Suppose -4*r + x + 74 = 19, -d = -3*r + x. Is r composite?
True
Let w be (-3)/4 + 3/(-12). Suppose 0 = -k + 6 - 2. Let l 